**2 - 7*w - 7. Let y be g(-9). Let i be (-2)/5 - 810/y. Suppose 0 = -40*t + 45*t - 80. What is the greatest common divisor of t and i?
16
Let l be 1/8*22 - 6/8. Let b = 11 + -6. What is the highest common divisor of l and b?
1
Let f(c) = -c + 64. Let g be f(0). Calculate the highest common divisor of 4 and g.
4
Let y(a) = 10*a - 17. Let k(b) = -b + 1. Let i(u) = 2*k(u) + y(u). Let o be i(5). Calculate the greatest common divisor of 15 and o.
5
Let l(v) = 9*v**2 - 272*v + 83. Let j be l(30). Let i be 1/(-3) + (-1106)/(-6). Calculate the highest common divisor of i and j.
23
Let c(b) = 2*b. Let l be c(1). Suppose -32 = -4*i + l*i. Suppose -3*z + 4*z = -3*j + i, 0 = 5*j - 4*z - 4. What is the highest common factor of 28 and j?
4
Suppose -1792 = -4*a - 10*a. What is the highest common divisor of a and 80?
16
Suppose p - 22 = -4*p + 4*s, 0 = -p + 5*s + 17. Let g be (-3)/(p/((-12)/1)). What is the greatest common divisor of g and 9?
9
Let y be (-8)/(-52) - (-334)/26. Suppose 3*l - y - 50 = 0. What is the highest common divisor of l and 210?
21
Let y be ((-4)/(-5) + -4)/((-6)/15). Let h be ((-129)/9 + 1)*(-24)/4. What is the highest common divisor of y and h?
8
Let l be (-22)/((6/(-4))/3). Let m = -3987 + 4339. What is the highest common factor of m and l?
44
Suppose 19*o - 228 = 16*o. What is the highest common divisor of o and 4?
4
Let w be (80/(-100))/((-20)/75). Calculate the highest common factor of w and 69.
3
Suppose l - 12 + 9 = 0. Let q be 0/(l - 4/4) + 30. Let u be (-2 - (-18 + 1))*1. Calculate the greatest common divisor of q and u.
15
Let o = -54 - -951. What is the highest common divisor of 13 and o?
13
Let v(w) = -7*w**3 - 110*w**2 - 21*w - 35. Let z be v(-17). Calculate the greatest common factor of z and 79.
79
Let o(i) = -i**2 - 19*i - 47. Let f be o(-12). Calculate the greatest common divisor of f and 37.
37
Suppose 61*u + 19824 = 89*u. What is the greatest common factor of u and 12?
12
Suppose 0 = -2*a - 1 + 11. Suppose 0 = -3*p + 73 - 58. What is the highest common divisor of a and p?
5
Let y = 2332 - 2314. Calculate the greatest common divisor of y and 426.
6
Let k be (6/30)/(-5 + 52/10). Calculate the greatest common divisor of 71 and k.
1
Let z be (1/(-1)*1)/(1/(-4)). Suppose -o + 3*o = 730. Suppose -5*j + 479 = 2*p, -z*j = -2*p - o - 11. What is the greatest common factor of j and 19?
19
Suppose 15*l + 37 = 487. Let v be 2/7 + (-240)/(-42). What is the greatest common factor of v and l?
6
Suppose -x - 63 = 2*d - 301, d - 5*x - 141 = 0. Let h(i) = i**3 - 3*i**2 - 2*i - 18. Let g be h(5). What is the greatest common factor of d and g?
11
Suppose 2*f + h - 212 = 0, -h = -4*f + 261 + 151. Calculate the greatest common factor of 8 and f.
8
Suppose 6 - 24 = -6*p. Let w be ((-5)/p)/(-1)*-12. Let v = w - -31. Calculate the greatest common divisor of 99 and v.
11
Let f(o) = 50*o + 3. Let y(w) = 5*w - 17. Let n be y(4). Let z be f(n). Calculate the highest common divisor of 17 and z.
17
Suppose 0*k + k = -39. Let g = 30 + k. Let n be (-600)/g + (-2)/3. What is the highest common factor of n and 99?
33
Suppose 3*x + 118 = -2*p + 502, 2*p - 2*x - 394 = 0. What is the greatest common divisor of 260 and p?
65
Suppose -s = s + j - 12, -5*j + 12 = 2*s. Let u(x) = 34*x - 2. Let l be u(2). What is the greatest common divisor of s and l?
6
Let p be -5 - 1/(1/(-453)*1). Calculate the greatest common divisor of 7 and p.
7
Let s(b) = -b**3 + 7*b - 10. Let h(d) = d - 1. Let z(i) = 4*h(i) - s(i). Let v be z(2). What is the greatest common divisor of 32 and v?
8
Let v = -498 - -734. Suppose -4*t - 2*y + 934 = 0, -3*t + y = -4*t + v. What is the greatest common factor of t and 21?
21
Let q be (50/(-6))/(4624/357 - 13). What is the highest common factor of q and 25?
25
Let i be ((-5 + 4)/3)/(2/6). Let s be -5*(3/3)/i. What is the highest common factor of 15 and s?
5
Let n(h) = h**2 - 10*h + 16. Let r be n(10). What is the highest common divisor of 56 and r?
8
Let t(f) = f**3 + 4*f**2 + 1. Let y be t(-3). Suppose -3 = 3*v, 3 = -m - v + y. Let p be 5 + (0 - -1) + -2. Calculate the highest common factor of m and p.
4
Let t be (-19)/2*(-8 - -3 - -3). Let q(l) = 2*l - 6. Let i be q(4). Suppose -i*p + p + 171 = 0. What is the greatest common factor of t and p?
19
Let q(b) = b**3 + 9*b**2 + 8*b + 5. Let d = 8 + -16. Let x be (d + 5)/((-9)/(-24)). Let g be q(x). What is the highest common factor of 55 and g?
5
Suppose f + 4*l = 81 - 16, -4*l = -3*f + 163. Calculate the greatest common divisor of 1425 and f.
57
Suppose 32*f = 24*f + 176. What is the highest common factor of f and 506?
22
Suppose -2*k + 4*z + 138 = 0, 2*k = -z + 4*z + 135. Let c(q) = -q**2 - 3*q + 63. Let u be c(-9). What is the greatest common divisor of k and u?
9
Let a be ((-168)/(-18))/(2/6). Calculate the highest common divisor of a and 658.
14
Let d(a) = 5*a**2 + 7*a - 30. Let k be d(3). Let b = 8 + -7. Let h = 8 + b. Calculate the greatest common factor of k and h.
9
Suppose -5*x + y = -32, -4*y - 3 = -3*x + 6. Suppose x*a = 8*a - 48. Calculate the highest common factor of a and 6.
6
Let f be 0*(-3 - (-5 + 1)). Let j(q) = q**2 + 16. Let v be j(f). Suppose -r + v = r. Calculate the greatest common divisor of r and 20.
4
Suppose -r + 6*s - 11*s + 34 = 0, -32 = -r - 4*s. Suppose j + x = 88 - 27, 0 = j + 4*x - 64. What is the highest common factor of j and r?
12
Let m be (4/10 + 0)/((-15)/(-8925)). Calculate the highest common factor of m and 14.
14
Let c = 229 - 179. What is the highest common factor of c and 350?
50
Let x be (-3)/((-3)/389) + 1. Suppose x = -0*d - 5*d. Let t = 10 - d. Calculate the greatest common factor of t and 8.
8
Let g be 10 - -4 - (5/1 - 9). Calculate the highest common divisor of g and 522.
18
Let y be (-38)/(-6) + 2 - (-6)/9. Let g be ((-8)/(-6))/((-18)/(-513)). Suppose -g = u - 110. What is the highest common factor of y and u?
9
Suppose 0 = -203*z + 208*z - 220. What is the greatest common factor of 22 and z?
22
Suppose -2*d - d = j + 1, 0 = 2*d + 8. Calculate the highest common factor of 319 and j.
11
Suppose 3 + 9 = 3*m. Let y be ((-192)/4)/(1 - 12/8). Let j = -64 + y. Calculate the greatest common factor of m and j.
4
Let d = 59 + -90. Let f = -11 - d. Suppose i - 3*a - 2*a - f = 0, -4*i - a + 59 = 0. Calculate the greatest common divisor of 165 and i.
15
Let s be (-96)/(-24) - (2 + -18*1). Calculate the highest common factor of s and 540.
20
Suppose -5*k + 6*k = 55. Suppose -7*i + 11*i = o - 42, -4*o + 2*i = -98. Calculate the highest common factor of k and o.
11
Let l be (-9 + 27)/(9/66). Calculate the greatest common divisor of 165 and l.
33
Suppose -60*l = -47*l - 637. Calculate the highest common divisor of 1 and l.
1
Suppose 67*q - 72*q = -65. Suppose -2*s + 5*r = -218, -8*s + 530 = -3*s - 5*r. What is the highest common divisor of s and q?
13
Suppose 4*b + 5 = 17. Suppose 115 = b*p + 16. Calculate the highest common divisor of 3 and p.
3
Let a = -1569 - -1624. What is the highest common divisor of 55 and a?
55
Let z(p) be the first derivative of 16*p**3/3 - p**2 - 4*p + 43. Let r be z(-2). Let l = -16 - -32. Calculate the highest common factor of l and r.
16
Let l(q) = -3*q**3 - 8*q**2 - 5*q - 10. Let d be l(-5). What is the greatest common divisor of d and 19?
19
Suppose 121 + 83 = 3*c. Calculate the highest common divisor of 8 and c.
4
Suppose 5*f + 0*f - 290 = 0. Let o = 198 - f. Suppose 6*q = q + o. Calculate the greatest common factor of q and 14.
14
Suppose -31*n - 18*n + 1323 = 0. Calculate the greatest common divisor of n and 54.
27
Suppose -88*l + 290 = -78*l. Calculate the greatest common divisor of 29 and l.
29
Suppose -v + 50 = 4*q, -3*v + 4*q - q = -75. Let l be (30/4)/(5/v). Suppose -5*f + 90 = -0*f. Calculate the greatest common divisor of f and l.
9
Let o(j) = j**3 + j**2 + j + 96. Let n be o(0). Let v be -30*6/(-10)*(-8)/(-12). Calculate the highest common divisor of n and v.
12
Suppose 5 = -h + 3*m, 2*h - 4*m = -2*h + 4. Suppose -h*y = -10*y + 168. Calculate the highest common divisor of y and 7.
7
Let u be (14 + 2814/12)/((-1)/(-2)). Calculate the greatest common divisor of 7 and u.
7
Let t(h) = 5*h - 15*h - 3 - 21. Let l be t(-8). What is the greatest common factor of 84 and l?
28
Let f be (-1)/3 + 46/3. Let o = 246 + 171. Suppose